+ -1. Suppose x*w + 2*w = 156. What is the remainder when w is divided by 20?
19
Suppose 2*f + 4*j = -j + 1, -f + j + 4 = 0. Suppose 4*n - 4 = -2*p, 2*p - f*n - 20 = -2. Let t = p + 7. What is the remainder when t is divided by 7?
6
Let d(m) = 5 - 1 - m + 8. Let v be d(0). Suppose 0 = 4*l - 64 + v. What is the remainder when 24 is divided by l?
11
Suppose -4*m - 2*a + 72 = 0, 3*m - 38 = -3*a + 22. Calculate the remainder when m is divided by 9.
7
Let i(y) = -y**3 - 3*y**2 - 4*y - 3. What is the remainder when 33 is divided by i(-3)?
6
Suppose -3*h + 3*s + 0 = 3, 0 = -5*s + 10. Suppose 18 = q + h. What is the remainder when -22*(18/(-4))/3 is divided by q?
16
Let k = 7 - 3. Suppose k*c - 12 - 84 = 0. Calculate the remainder when c is divided by 13.
11
Suppose -p = 4*p. Let i be 9/(0 - (p + 1)). Let k = -6 - i. What is the remainder when k is divided by 3?
0
Let f(i) = i**2 + 2*i - 11. What is the remainder when f(8) is divided by 24?
21
Let o(p) = 7*p**2 - 2*p - 13. Let b(m) be the second derivative of m**4/12 - 2*m**3/3 - m**2 - 2*m. Calculate the remainder when o(-3) is divided by b(-3).
18
Let y(i) = -i**3 + 11*i**2 + 15*i + 16. Calculate the remainder when y(12) is divided by 18.
16
Calculate the remainder when 4 is divided by 2/(22/6 + -3).
1
Let m(i) = i**3 + 7*i**2 + 7*i + 1. Let t = 0 - 6. Let w be m(t). Let d(v) = -v**3 - 4*v**2 + 2*v + 3. Calculate the remainder when 53 is divided by d(w).
17
Suppose -5*b + 30 = 2*w + 2*w, -2*b = w - 9. Let c(q) = -q**3 + 7*q**2 - 5*q + 2. Calculate the remainder when c(6) is divided by w.
3
Let l(n) be the third derivative of -n**4/6 - n**3/6 + n**2. Calculate the remainder when 19 is divided by l(-2).
5
Let o(h) = h**2 - 10*h + 7. Let y be o(9). Let t = y + 8. Calculate the remainder when 17 is divided by t.
5
Let q(w) = -w**2 - 10*w - 1. Let k be 52/(-6) + 4/(-12). What is the remainder when 23 is divided by q(k)?
7
Let q(r) = 6*r**2 - 3*r - 6. Calculate the remainder when 70 is divided by q(-2).
22
Let i = -26 + 37. Calculate the remainder when i is divided by 4.
3
Suppose m - 24 = -6. What is the remainder when 82 is divided by m?
10
Let h = 72 + -43. What is the remainder when h is divided by 8?
5
Suppose 4*c + 18 = a + 80, 0 = -3*c + 4*a + 40. Calculate the remainder when 45 is divided by c.
13
Let h be 17/3 + ((-182)/21)/13. Let w be 6*-5*(-19)/3. Suppose 66 = h*n + v - 149, -w = -5*n + 4*v. What is the remainder when n is divided by 11?
9
Let l(r) = 2*r**2 + 5*r - 4. What is the remainder when 21 is divided by l(-4)?
5
Let o(g) = -g**3 - 5*g**2 + 2. Let d be o(-5). What is the remainder when 22 is divided by ((-2)/6)/(d/(-30))?
2
Let y(a) be the third derivative of a**5/60 - 7*a**4/24 - 4*a**3/3 - 2*a**2. Let j be y(8). What is the remainder when 18 is divided by j/(-2) + (-40)/(-4)?
8
Let v(l) = -l**3 - 5*l**2 + 2*l - 1. Let z = -17 + 45. Calculate the remainder when v(-7) is divided by z.
27
Suppose 0 = -3*x - 4*u + 28, -48 = -2*x + 4*u - 16. Suppose 0 = -4*q + 47 + 93. What is the remainder when q is divided by x?
11
Let k(l) = 2*l. Let a(s) = -2*s + 5. Let b(c) = -c. Let p be b(5). Calculate the remainder when a(p) is divided by k(4).
7
Let o be 2/8 - (-33)/12. Suppose 6*v - 39 = o*v. What is the remainder when 38 is divided by v?
12
Calculate the remainder when 223/15 + (-12)/(-90) is divided by 8.
7
Suppose -31 = -o + 3*k, 4*o + 3*k - 18 = 151. What is the remainder when 77 is divided by o?
37
Suppose 2*z = 2*f - 3*f - 4, 2*f + 3*z + 8 = 0. Let h = f + 10. Let s = -24 - -40. Calculate the remainder when s is divided by h.
4
Suppose 0 + 4 = -2*j. Let l(i) = -3 + i + 5 + i**2 + 0*i**2. What is the remainder when 6 is divided by l(j)?
2
Let t(m) = m**3 + 4*m**2 + 3*m + 2. Suppose -g - s = -5*s + 19, 3*s = -5*g - 3. Calculate the remainder when 4 is divided by t(g).
0
Let f be 1 - (-1 + 60) - -3. Let d = -38 - f. Calculate the remainder when d is divided by 10.
7
Let n(d) = 2*d**2 + 2*d. Let k(m) = -m**3 - 10*m**2 + m + 10. Let l be k(-10). What is the remainder when n(-2) is divided by (2 + l)*3/2?
1
Let n = 15 - 16. Let d = 12 + n. What is the remainder when 19 is divided by d?
8
Suppose 5*v - 35 = -r, 4*v + 3*r = -0*v + 28. Suppose -5*q + 4*y + 123 = 0, -4*q + 18 = -3*q - 3*y. Calculate the remainder when q is divided by v.
6
Suppose -a + 17 = -10. Suppose 3*l = -12, 4*l = -2*d - l + 8. What is the remainder when a is divided by d?
13
Let r = -16 - -25. Calculate the remainder when 15 is divided by r.
6
Suppose h = d - h - 4, -2 = -h. Let i(t) = -1 + t + 0*t + 2 + 15. Calculate the remainder when i(14) is divided by d.
6
Suppose 0 = -2*n + 5*c + 4, c - 1 = n - 3. Let k(m) = -1 + 4*m**n + 4 - 2*m**2. Calculate the remainder when k(-4) is divided by 12.
11
Let l = 1 - -1. Suppose 8 = 2*r - 2*x, l*r - 6*r + 3*x = -15. Suppose v - 4*w = 7, -4*v - r*w = w - 108. Calculate the remainder when v is divided by 8.
7
Suppose i = 28 + 6. Calculate the remainder when i is divided by 9.
7
Suppose -4*s + 2*m + 78 = -3*m, -10 = 5*m. Calculate the remainder when 4/10 - (-238)/5 is divided by s.
14
Let v be ((-12)/9)/(2/78). Let n = v + 74. Calculate the remainder when n is divided by 9 + 2/2*-1.
6
Let a = 48 + 27. Calculate the remainder when 22 is divided by a/10 - (-2)/4.
6
Suppose -3*m + 19 = -137. Calculate the remainder when m is divided by 12.
4
Let y = 41 - 10. Calculate the remainder when y is divided by 17.
14
Let i = 46 - 25. What is the remainder when 59 is divided by i?
17
Let c(j) = j + 4. Let d be c(-4). Suppose 3*l - 34 - 17 = d. What is the remainder when l is divided by 6?
5
Let r(f) = -31*f**3 + 3*f**2 + 5*f + 3. What is the remainder when r(-1) is divided by 7?
4
Suppose -4*i = -9*i + 130. Calculate the remainder when 76 is divided by i.
24
Let b = 44 - 28. What is the remainder when b is divided by 9?
7
Suppose -q - 3*z + 13 = 0, 4*q + 0 = z + 65. Suppose 2*y = -4*n + q, 2*n - n = -3*y - 6. What is the remainder when 21 is divided by n?
3
Let d(t) = -30*t**3 - t**2. Let k be d(-1). Let s = -20 + k. Calculate the remainder when 16 is divided by s.
7
Let k(o) be the first derivative of o**4/4 - 7*o**3/3 - 7*o**2/2 + 6*o - 5. Calculate the remainder when 40 is divided by k(8).
12
Let v(c) = c**2 + 2*c + 5. Suppose 0 = -0*f - 4*f + 44. Calculate the remainder when v(3) is divided by f.
9
Suppose v + 8 = 5*m, -m - 9 = 4*v + 2. Calculate the remainder when 5 is divided by m.
0
Suppose -2*h + 7*h = 5, 2*q - 21 = -h. Let c = 17 - q. Calculate the remainder when 18 is divided by c.
4
Let x = 23 + 2. Calculate the remainder when x is divided by 9.
7
Let l(a) = -2*a - 6. Suppose -3*v + 40 = -2*v. Calculate the remainder when v is divided by l(-10).
12
Let c(o) = 26*o**2 - o. Let y be c(-1). Let i = y - 16. Calculate the remainder when 31 is divided by i.
9
Let t(m) = m**2 - 5*m - 4. Let x be t(-3). Suppose x = 3*o - 43. Calculate the remainder when 60 is divided by o.
18
Suppose -4*d - 312 = -6*d. Calculate the remainder when d/5 + 3/(-15) is divided by 16.
15
Let z(m) = m**2 + m + 1. Let a be z(2). Suppose 2*s = s + 43. Let f = s - a. What is the remainder when f is divided by 19?
17
Suppose -2*b - 2*b - 5*m + 77 = 0, m = 2*b - 49. Calculate the remainder when b is divided by 5.
3
Let m = 70 - 32. Let w = -5 - -8. Suppose 3*r = w*i + 75, -4*r + r - 2*i = -50. What is the remainder when m is divided by r?
18
Suppose 0 = 2*i - 2 - 8. Suppose 5 + 34 = d - 2*q, q - 162 = -i*d. What is the remainder when d is divided by 9?
6
Let n = -6 - -1. Let g(b) = b**2 - 8*b - 10. Calculate the remainder when g(n) is divided by 19.
17
Suppose 3*t - 3*m = -4*m - 2, 10 = -5*m. Suppose 28 = 4*n + 8, -4*s = -5*n - 95. Calculate the remainder when s is divided by 0 + (t - 2) - -10.
6
Let p = -10 - -11. Calculate the remainder when 4 is divided by (1 + p)/(0 + 2).
0
Let a(t) = -22*t**3 - 2*t**2 + 1. Let p(j) = j + 3. What is the remainder when a(-1) is divided by p(8)?
10
Let q(l) = -l**2 + 4 + 1 - 7*l + 0*l**2. Let n be q(-8). What is the remainder when 4 is divided by (n/4)/(2/(-8))?
1
Suppose 10 = 4*p + 2*m, -5*p - 3*m + 1 = -10. Suppose x + 5*k = -21, -2*x + 24 = -x - p*k. Let r(u) = u + 11. What is the remainder when x is divided by r(-8)?
1
Suppose 4*p - 4*b = 252, -72 = -2*p - 2*b + 42. Let r = p + -42. W